 - 2)?
0
Evaluate 112 + (-6 + (6 - 7) + 2 - (-6 + -4)).
117
Evaluate 34 + (28 - 87 - -30) + -88.
-83
What is -26 + (-26 - (-74 + -63))?
85
-2 - (15 - (-4 + 0 + -16 + 13))
-24
Evaluate -49 + 12 + -5 + 7 + 10 + -12.
-37
918 - 936 - (1 + -11)
-8
Calculate 8 + (-87 + -10 + 34 - (-14 - -2)).
-43
(-56 - 3) + (-28 + (-4 - -45) - 26)
-72
What is the value of (-7 - (7 - -14 - 45)) + (39 - 1)?
55
Evaluate (-4 - (-10 + -4)) + -45 + (-22 - -25) + 35.
3
Calculate (-8 - -30) + (10 + -9 - 9 - -4).
18
Evaluate (16 - (3 + -1 + 1)) + 4 + 12 + -26.
3
Evaluate -15 + 159 + -138 - 134.
-128
-9 - -2 - (24 - (-18 - 3))
-52
Calculate 89 - (6 + -35 + 32).
86
Calculate -6 + (-7 - -130) - ((17 - 38) + 26).
112
Evaluate (25 - (73 + -43)) + (1 - -10) - (-52 + 1).
57
What is (-29 + 32 - 22 - (-2 + -6)) + 51?
40
What is the value of -35 + (55 - 25) + 1 + 43?
39
-86 + 84 + -53 - -70
15
What is 3 - (-32 - (2 + -20)) - -26?
43
What is (8 - 15) + 19 - (-30 + (-10 - -28))?
24
-56 + (-11 - (-91 - -44))
-20
What is the value of -16 + (22 - (-29 + 40 - 16))?
11
Evaluate (-6 - 3 - -6) + 5 + 20.
22
What is 1 + 2 - (14 - 29) - (6 + -101)?
113
-17 + -2 + 7 - -19 - (-26 - 4)
37
What is the value of 46 + 10 + (75 - 17) + -40?
74
What is the value of 14 + (-67 - -2) + 8 + 4?
-39
What is 121 + -119 + (17 - (-6 - -1 - -1))?
23
What is the value of -8 + 15 + -2 - (-57 + 67 + 3 + 73)?
-81
Calculate 35 + 2 + 0 - ((45 - -27) + -66).
31
What is 0 + (1 - (22 + 6 + -23) - 69)?
-73
Evaluate (56 - (50 - 7)) + -24.
-11
Evaluate 0 + 2 + (7 + 23 + -27 - (-1 - 4)).
10
What is (-49 - (-152 - -84)) + -1 + -55 + 1?
-36
Evaluate -142 - -146 - (-5 + -7 + 1 + -9).
24
Evaluate (-7 + -6 - -2) + 147 + (-50 - 2).
84
289 - 153 - (-5 + 53)
88
(9 - (1 - -7)) + -4 + 22 - -9
28
Evaluate (-7 - 2 - (12 + -9 - 3)) + (-13 - 15).
-37
What is 128 + 0 + 3 + (-32 + 50 + -18 - 13)?
118
What is the value of 35 - (66 + -123 + 21)?
71
Evaluate 14 - (-2 - (-31 - -7)).
-8
Evaluate (-45 - -42 - (1 + -1)) + -8 + 30 + -30.
-11
What is (-130 - -138) + 0 + 0 - -82 - (-6 - -1)?
95
What is the value of -32 + (-30 - (106 - 94))?
-74
Evaluate -53 + -59 + 97 + (-1 + 2 - -18).
4
Calculate -54 - -46 - (10 + -4 - 57).
43
(96 - 131) + -6 + 21
-20
Calculate -14 - ((12 - 2 - -42 - 9) + 6 + -5).
-58
Evaluate 2 + -9 + -24 + (2 - 8 - 5 - -4).
-38
Calculate 6 - ((41 - 28 - 9) + -74).
76
Calculate -11 - -16 - (40 + 26) - 44.
-105
Calculate -8 + (-4 - -7) + (66 - (-29 + -2 - -15)).
77
What is ((0 - 4) + 1 - (112 + -190)) + (30 - 27)?
78
What is the value of -105 - -102 - ((-44 - 1) + (-16 + 24 - 12))?
46
Evaluate (2 + 0 + -1 - 2) + -63 + (-80 - -143).
-1
What is the value of -153 + (-116 - -283) - (0 - -1 - 68)?
81
Calculate 2 + -1 + (53 - (44 + -18 - 7 - 13)).
48
What is the value of -2 + -9 - (-1 - -7) - (5 + (2 - 3))?
-21
What is (-54 - (-54 + 63)) + 13?
-50
Evaluate 9 - (3 + -14 - -24 - (18 - 17)).
-3
123 + -96 + -25 - (-1 + -62)
65
Calculate 5735 + -5715 + 0 + (-6 - 2).
12
-58 + 146 + -78 + -82
-72
-19 - 1 - (-15 - (-41 + 0 - -19))
-27
What is the value of 98 + 2 + -80 + 125 + -77?
68
Calculate -9 + (-45 - -35) + 8 + (36 + 1 - -1).
27
What is the value of -42 + 15 + 6 + -15 + -16 + 3 + -1?
-50
-2699 + 2670 - (0 + -2 + -14)
-13
37 + -1 - (11 - (6 - 1 - -8))
38
Evaluate (19 - (-1 + 7)) + 4 + (-1374 - -1375).
18
Calculate -20 + (29 - (31 - 57 - 19)).
54
What is the value of (43 - (-3 - -41)) + (-2 - -23)?
26
Calculate 14 + -10 + -25 - (38 + -13).
-46
What is the value of -3 + -32 - 44 - -49?
-30
Evaluate 9 + (-82 - (-19 + -19)).
-35
8 + (0 + -27 - (-263 - -255)) - -66
55
What is -53 + (5 - -14) + -16 + -3 + 18?
-35
Evaluate 6 + (83 + -9 - 6 - 20).
54
2 + 9 + -1 + (66 - 30 - 50)
-4
151 + -24 + 20 + -64
83
Evaluate (85 + -30 + -28 - 10) + 109.
126
What is (16 - 8) + 4 - (-36 - -35) - 8?
5
Evaluate -48 - (3 - 11) - -79.
39
908 - 907 - (0 + 0 + -40 + -1)
42
What is (-171 + 128 - (-56 - -12)) + (-35 - 1)?
-35
What is (1397 - 1410) + 26 + 2 + -3 + -13 + -109?
-110
What is the value of (1 - -16) + (-153 - -91) + 77?
32
Evaluate (3 - -19) + -12 + 28 + -9.
29
What is the value of 14 + -2 - -4 - -2 - (0 + (-1 - -1))?
18
What is the value of -71 + 27 + 54 - -79?
89
99 - (206 - (-58 + 156))
-9
What is (0 + (-13 - (-6 + -5)) - -3) + -6?
-5
Evaluate (-16 - 15) + (-2 + 1 + 10 - (-16 - -16)).
-22
What is the value of 4 + (3 + -1 - 6) - (42 - (55 - 28))?
-15
What is the value of (26 - (-21 + 39 + 0)) + -21?
-13
-1 + -1 + (-36 - (3 - (0 + 5) - 4))
-32
(822 - (-255 - -977)) + (1 - 14) + -1 + 1
87
0 + -88 + 47 - -24
-17
Calculate -7 + -2 - (0 + -9 + -6) - (40 - -2).
-36
What is -42 - (7 + 1 + (-2 - (7 + 4)))?
-37
Evaluate -53 + -4 + -33 + 31.
-59
What is the value of -7 + (-17 + 6 + -3 - 5) + 1?
-25
(-1767 - -1907) + -113 + -9
18
What is the value of (1 + -107 - (-14 - 6 - (-3 + -11))) + 4?
-96
What is the value of (-122 - (-103 - -16)) + (22 - 3)?
-16
Calculate 8 - (-16 + 7 + -20 + 27).
10
What is the value of (-48 - (12 - 41)) + 70 + 1?
52
What is the value of -3 - 12 - (-5 + 18 + (36 - 11))?
-53
What is the value of 18 - (-88 - -81 - (0 + 11))?
36
10 - (26 - (140 + -137 + (-3 - 2)))
-18
What is 34 - (12 + 27 - 48 - -2)?
41
What is -4493 - -4547 - (76 + 0)?
-22
What is the value of -3 - 49 - (-610 - -586)?
-28
-68 - (57 - (-26 - (21 - 63)))
-109
What is the value of -17 - (-22 + -2) - 2 - (-1 - 9)?
15
-6 - ((155 - 170) + -99 + -5)
113
Evaluate 27 - 23 - (13 + 10) - (-12 + 2 + 2).
-11
-49 - ((44 - 26) + -54)
-13
What is 110 + -1 - (-12 - (-28 + 51 + 4 - 53))?
95
What is the value of 46 - (60 - (-39 + 70))?
17
Calculate 25 + -18 + -9 + 27 + -34.
-9
Evaluate -196 - (1 + 88 + -164).
-121
Evaluate (48 + 12 + -26 - -122) + (-23 - 0).
133
Calculate 8 + -3 - 14 - (1 - 1) - 42.
-51
What is 0 - 45 - (-560 + 454)?
61
What is -1154 + 1259 + 3 + -51?
57
Evaluate -19 - (0 - (12 - (-1 - -12)) - -10).
-28
Evaluate ((-4 - -1) + (5 - 4) - -7) + 4 + 2.
11
Calculate 100 + 76 + -193 - (-1 + -15).
-1
What is 54 - (14 + (-80 - -234))?
-114
Calculate 76 + (-2 - 6) + (-9 - (2 + -14 + 3)).
68
Calculate -40 - (-47 + (23 - (-13 - -47))).
18
Calculate -1 + -1 + -2 - (870 + -887).
13
What is the value of -59 + 2 - (315 + -288) - -43?
-41
What is the value of 157 - 227 - (-140 + -7)?
77
1 + 7 + (25 - (5 + 2 - 18 - -30))
14
Calculate (-5 - (-2 + -1)) + 0 - (76 - 80).
2
Calculate -2 + 2 - (29 + -54 - -111).
-86
Calculate -47 + -51 + 44 + 51 + (0 - -2) + -9.
-10
What is -330 + 420 + 1 + -27?
64
What is -161 + (-258 - -433) - (80 - (-2 + 4))?
-64
What is the value of -169 - (3 + 38 + -120)?
-90
Calculate (-8 - 74) + (-11 - 1 - (105 + -117)).
-82
Evaluate -7 + 6 - ((-1 - 10 - 31) + 3 - 2).
40
What is -11 + (16 - 0 - 17) + 19?
7
Evaluate (14 - (11 - 29) - 13) + -38.
-19
Evaluate -1 - -111 - (-304 + 377).
37
What is the value of 77 - (60 - (-17 + -54))?
-54
What is -76 - (96 - 83 - (-8 - -4) - 31)?
-62
Evaluate 37 - (29 + (71 - 101)).
38
Evaluate 20 - (106 - (-8 + 9 - (48 + -33))).
-100
What is the value of 26 - (21 - 5) - (38 + -22)?
-6
What is the value of -1 + 21 - (52 - 12)?
-20
1421 + -1552 - (0 + 0 + -22 + 0)
-109
What is -18 + 2 + 1 + -8 + -3?
-26
What is 5 - (-49 + -44 + (-12 - -16 - 20))?
114
Calculate 0 + 21 + -27 + 6 + (22 - 19).
3
-117 + -1 - (-578 - -261 - -275)
-76
Evaluate -19 + 0 + (399 - 293) + (-1 - 54).
32
What is the value of 12 - (-22 + 27 + (-9 - (45 + 1)) + 6)?
56
Evaluate 37 + (-19 - 64 - -56).
10
-98 + (-2 + -2 - (-30 - 1 - (8 + -30)))
-93
-6 + -30941 + 30957 + (0 + 0 - -56)
66
Evaluate -9 - (-20 + 6 + 21) - 58 - (-8 - -1).
-67
Calculate -7 - 29 - ((-9 - (-4 + 8)) + 6).
-29
What is the value of -58 + -1 + -1 + (4598 - 4588)?
-50
What is -55 - (1 + -4 + -10) - (9 - (3 + -4))?
-52
What is -18 - (20 + -21 + -62)?
45
What is 10 - (1 + -9 + -23 + (-20 - 67) + 31)?
97
What is (18 - (40 - 20)) + -2 + 50 + -2?
44
Evaluate -14501 + 14490 + -11 + 0.
-22
14 + -104 + 9 + 44
-37
What is the value of 5 - ((-19 - -13) + 12 + -17 - 12)?
28
What is the value of 59 - ((-29 - (6 - 25)) + (-3 - -9) + -1)?
64
Evaluate -71 + 88 + (-5 - -10).
22
Evaluate 0 + 4 + (0 - 20 - -55).
39
Calculate -82 + 43 - -57 - -59.
77
What is the value of -88 + (114 - (13 + 34))?
-21
What is 47 - -2 - ((78 - 75) + 18)?
28
What is the value of (-8 - (-7 + -8) - (50 - (4 + -4))) + 4?
-39
Evaluate -2 - (-21 - (-27 + 14 + 5